lculate the highest common divisor of 65637284 and 3020.
604
What is the greatest common factor of 34903379 and 7?
7
Calculate the greatest common factor of 247009676 and 16304.
4076
Calculate the greatest common factor of 738616 and 1768.
136
What is the greatest common divisor of 293020 and 44800?
140
What is the highest common divisor of 3136 and 469172?
4
What is the highest common factor of 181910700 and 144?
36
What is the greatest common factor of 12024981 and 62595?
963
Calculate the greatest common factor of 47003 and 77.
11
Calculate the greatest common divisor of 611 and 500890.
13
What is the greatest common factor of 1202993 and 132?
11
What is the highest common factor of 45 and 788582?
1
What is the greatest common factor of 64 and 10785856?
64
What is the highest common factor of 1264042 and 212524?
1586
What is the highest common factor of 5987286 and 126?
18
Calculate the highest common divisor of 2211308 and 121.
11
What is the highest common divisor of 168539 and 203?
7
What is the highest common factor of 78876581 and 277?
277
Calculate the highest common divisor of 34892 and 70304.
52
What is the highest common divisor of 35340 and 2571232?
76
What is the greatest common factor of 98693303 and 61?
61
What is the greatest common factor of 10376 and 20396622?
2594
Calculate the highest common divisor of 16566 and 194.
2
What is the highest common factor of 2987388 and 324?
108
What is the highest common factor of 336 and 76220151?
21
Calculate the highest common factor of 1384956 and 56963430.
9486
What is the greatest common factor of 4218 and 9868714?
1406
Calculate the highest common factor of 17760 and 975680.
160
Calculate the greatest common divisor of 3488 and 3799304.
872
Calculate the highest common factor of 166090500 and 1944.
972
Calculate the greatest common divisor of 291444 and 7223019.
489
What is the greatest common divisor of 3913 and 317681?
91
What is the highest common factor of 79872 and 1807?
13
What is the highest common divisor of 3333 and 9102423?
3333
Calculate the highest common divisor of 4172 and 840055146.
2086
What is the highest common factor of 396 and 83402044?
44
Calculate the greatest common factor of 610272 and 39266048.
5216
Calculate the highest common factor of 840885749 and 242.
121
Calculate the greatest common factor of 22 and 1143329.
11
What is the greatest common factor of 2000849 and 1751?
17
What is the greatest common factor of 98516 and 233527700?
8956
What is the greatest common divisor of 74836 and 360?
4
What is the highest common factor of 78068 and 67973?
673
Calculate the greatest common divisor of 45308 and 8846.
2
Calculate the highest common divisor of 29936 and 14754706.
3742
What is the greatest common divisor of 17 and 10053375?
17
What is the highest common factor of 13115 and 4873966795?
13115
What is the highest common divisor of 4973456785 and 4015?
4015
Calculate the greatest common divisor of 4680227 and 1028.
257
Calculate the greatest common factor of 19432 and 56644.
28
Calculate the highest common factor of 9041032 and 34034.
2002
Calculate the highest common divisor of 6882164 and 2900.
116
Calculate the highest common divisor of 1170330 and 3165.
15
What is the greatest common divisor of 47502 and 1725633?
819
What is the highest common divisor of 456 and 49505336?
152
What is the greatest common divisor of 2964520 and 520?
520
What is the greatest common factor of 147 and 131850?
3
Calculate the highest common divisor of 56505219 and 279.
93
What is the highest common factor of 2869338 and 3723?
219
Calculate the highest common factor of 24610374 and 186.
6
Calculate the greatest common divisor of 515312 and 680092.
2996
What is the highest common divisor of 1436313 and 629?
17
What is the highest common factor of 42424980 and 975?
195
Calculate the highest common divisor of 218347 and 409.
1
Calculate the highest common divisor of 69105592 and 32.
8
Calculate the greatest common divisor of 620809092 and 59.
59
Calculate the highest common divisor of 54800 and 74427168.
2192
What is the greatest common factor of 556338 and 534?
6
What is the highest common divisor of 36 and 738772?
4
Calculate the greatest common factor of 996 and 137648196.
996
What is the greatest common divisor of 25295680 and 359488?
8768
Calculate the highest common divisor of 930 and 29191894.
62
What is the highest common divisor of 82621 and 5147065?
2233
Calculate the highest common factor of 2610448 and 16492.
2356
What is the greatest common factor of 288 and 626652?
36
What is the greatest common factor of 8475 and 46694877?
339
What is the greatest common divisor of 747558 and 3318?
42
What is the greatest common divisor of 511 and 2999416?
7
What is the highest common divisor of 10148 and 15384884?
172
What is the greatest common divisor of 12582 and 11256929?
233
What is the greatest common divisor of 1207 and 27448387?
1207
What is the highest common divisor of 528 and 2927056?
176
Calculate the greatest common factor of 51 and 27449730.
51
What is the greatest common divisor of 6264377 and 4669?
203
What is the highest common factor of 108 and 1498782?
6
Calculate the greatest common divisor of 472237 and 32047.
73
What is the highest common factor of 404680309 and 11?
11
Calculate the greatest common divisor of 42396637 and 145.
29
Calculate the highest common divisor of 24783624 and 148212.
6444
What is the greatest common divisor of 2944 and 27540062?
46
What is the highest common factor of 725366 and 10282?
194
What is the greatest common factor of 82 and 2148?
2
Calculate the greatest common factor of 800 and 20682775.
25
Calculate the greatest common divisor of 31988 and 24002632.
2908
Calculate the highest common divisor of 2181128 and 70864.
824
What is the greatest common factor of 552 and 9116349?
69
What is the greatest common factor of 3673560 and 4290?
330
What is the highest common factor of 10094878 and 292?
146
What is the greatest common divisor of 631580 and 4?
4
What is the highest common divisor of 87 and 102081247?
29
Calculate the highest common factor of 13 and 12229047.
1
What is the highest common factor of 227740 and 10030?
590
Calculate the highest common divisor of 427136 and 109792.
1504
Calculate the highest common factor of 2562573 and 156.
39
Calculate the greatest common divisor of 3567672 and 12.
12
What is the greatest common divisor of 6307 and 88689?
17
Calculate the greatest common factor of 336 and 24259312.
112
Calculate the highest common divisor of 521747 and 22855.
653
What is the highest common factor of 132919 and 610?
61
Calculate the greatest common factor of 392 and 17033380.
196
Calculate the highest common divisor of 45251499 and 6.
3
What is the greatest common factor of 289 and 1285609853?
289
Calculate the highest common divisor of 28655 and 40590.
55
Calculate the highest common divisor of 1197 and 21288897.
63
What is the highest common factor of 9 and 116942661?
9
What is the highest common divisor of 1254 and 14412?
6
Calculate the greatest common factor of 1194320 and 400.
80
Calculate the greatest common factor of 234 and 199581174.
234
Calculate the greatest common factor of 433477764 and 135.
27
What is the highest common divisor of 39 and 2257347?
3
What is the highest common factor of 27552 and 405696?
96
What is the greatest common factor of 11470800 and 564?
12
What is the greatest common factor of 9114 and 327702?
6
Calculate the highest common factor of 8876672 and 672.
224
What is the greatest common factor of 7897 and 238341?
53
What is the greatest common divisor of 177737853 and 291?
291
What is the greatest common divisor of 48373 and 5215561?
793
What is the highest common factor of 156165323 and 226519?
7811
Calculate the greatest common divisor of 114151680 and 9.
9
Calculate the highest common factor of 4245 and 650656620.
4245
What is the highest common factor of 55578 and 262818?
942
Calculate the greatest common divisor of 84389860 and 40.
20
What is the highest common factor of 355833 and 1179234?
1719
Calculate the highest common divisor of 586822579 and 686.
343
What is the highest common divisor of 1826413 and 21049?
97
What is the greatest common factor of 1510255 and 28625?
114